f 2*x**3/3 - 2*x. Suppose -5*u + 0*f - 4*f = -7, -u - 4*f - 5 = 0. Let w be u/(-15) + (-33)/(-15). Calculate t(w).
8
Let u(h) = h**2 - 8*h + 1. Let n be u(8). Suppose 0 = 5*g - 24 + 9. Let a(c) = 5*c**2 - n + c**2 - g*c**2. Calculate a(-1).
2
Let z(x) = 10*x. Suppose 6 = -2*i + 4*i. Suppose 2 = r + i. Give z(r).
-10
Suppose 3*u + r = -14, -5*u - r = -0*r + 22. Let v(k) = -4*k + 10*k**2 - 8*k**2 + 1 - 2*k**2 - k**3 - 5*k**2. What is v(u)?
1
Let n(m) = -m - 1. Let u(i) = -i**2 + 4*i + 6. Let c(d) = -3*n(d) - u(d). What is c(-3)?
9
Let n(m) = m + 1. Suppose 0*s = -s + 2. Suppose l - s*l = -5. Suppose 0 = l*a + k + 3*k + 40, 2*a - 5*k - 17 = 0. Calculate n(a).
-3
Let u(f) = f**2 + f - 1. Suppose 2*b - 3 = 9. Let c(k) = -7*k**2 - 5*k + 10. Let q(j) = b*u(j) + c(j). What is q(4)?
-8
Let r(c) = -14*c. Let k be 4 - -4*9/(-24)*2. Give r(k).
-14
Let u(q) = q - 2. Let f = 3 + 1. Let l be u(f). Suppose l*y = 9 - 3. Let h(n) = -2*n**2 + 5*n - 2. What is h(y)?
-5
Let d(w) = 2*w**3 + 2*w**2 - 2*w + 1. Let t be d(1). Suppose 6 = -0*l - t*l. Let n(j) = j**2 + 3*j. What is n(l)?
-2
Let k = 6 + -7. Let y(s) be the first derivative of -s**5/4 + s**4/12 - s**3/6 - s**2/2 - s - 1. Let r(p) be the first derivative of y(p). Determine r(k).
6
Let q(o) = 5*o - 6. Suppose c - 6 = -2*c + 2*m, 3*m = -c + 13. Determine q(c).
14
Let i(z) = 5*z. Let m(h) = h**3 + 5*h**2 + 2*h - 2. Let p be m(-4). Let w = 5 - p. Determine i(w).
-5
Let o(u) = -u + 9. Let r(z) = -3*z + 26. Let i(p) = 17*o(p) - 6*r(p). Let k be ((-23)/5 - 1)*-5. Suppose 0 = -4*j - 2*w + 14, -3*w - k = -13. Give i(j).
3
Suppose -4*m + 29 = 1. Suppose -3*t = -2*t + 5. Let q = t + m. Let f(n) = 2*n. Calculate f(q).
4
Suppose 0 = -5*u + 5*g + 5, -12 - 14 = 4*u + 2*g. Let n(l) = -l**2 - 5*l + 1. Give n(u).
5
Let r(y) = -13*y + 33. Let g(f) = 3*f - 8. Let d(j) = 9*g(j) + 2*r(j). Let t = 3 + -7. Let s(o) = -o**3 - 5*o**2 - 5*o - 4. Let v be s(t). Determine d(v).
-6
Let m = 17 + -13. Suppose m*g - 4 = -0*g. Let d(w) = -8*w + 1. Let i(o) = -7*o + 1. Let f(c) = -4*d(c) + 5*i(c). Determine f(g).
-2
Let p be ((-15)/(-60))/(3*2/72). Let h(w) = -4*w - 4. Calculate h(p).
-16
Let z = 7 + -10. Let j(u) be the third derivative of u**6/120 + u**5/20 + u**4/24 - u**3/6 + u**2. Calculate j(z).
-4
Let z(u) = -2*u - 2. Let j(l) = 5*l + 5. Let x(s) = 3*j(s) + 7*z(s). What is x(-4)?
-3
Let d be -9*1/(-3) - (-3 - -2). Let v(k) be the second derivative of 3/2*k**2 + 0 + 1/3*k**3 - 2*k - 1/12*k**d. Give v(3).
0
Let d = 0 - -9. Let p = d + -9. Let i(y) = -2*y - y + p*y - 4. Determine i(-4).
8
Suppose 0 = -0*s + 4*s - 16. Let c(h) = -4 + h**2 - 5*h + s - 1. Determine c(4).
-5
Let r(b) = b**3 + b**2 - b + 5. Suppose -3*f = -6*f. Give r(f).
5
Let x = -65 - -64. Let y(f) = f**2 - 1. Determine y(x).
0
Let c(n) = n + 9. Let q = -1 - -7. Let r(h) = -h**2 - 2*h + 3. Let d be r(2). Let m(z) = z + 8. Let k(t) = d*c(t) + q*m(t). What is k(-3)?
0
Let k(n) = -2*n**2 + 3*n - 2. Suppose -2*g = 4 + 8. Let y(l) = -l**2 - 7*l. Let i be y(g). Suppose 3*s - i = -0*s. Determine k(s).
-4
Let q = -8 + 19. Suppose -2*s = -3*h + q, 17 = 4*h - 5*s + 7. Let d(z) = z + 1. Determine d(h).
6
Suppose 7*x - 4*x = 15. Suppose -10 = -5*c + x*l, 5*c - 3 - 10 = 2*l. Let u(r) = r**3 - 2*r**2 - 4*r + 2. Calculate u(c).
-1
Suppose 16 = 3*g - 5*x + 3, -2*g - 5*x = 8. Let t(l) = 10*l**2 - l. Give t(g).
9
Suppose 14 = 5*n + 4. Let u(b) = -b - 12*b**2 - 3*b + 13*b**n + 1 + 6*b. What is u(-1)?
0
Let t(b) = 8*b**2 - b + 4. Let o(h) = -3*h**2 + 2*h**2 + 0*h + h. Let u(m) = -6*o(m) - t(m). What is u(-3)?
-7
Let t(n) be the second derivative of n**7/840 - n**6/120 - n**5/20 + n**4/24 + n**3/2 - 2*n. Let k(r) be the second derivative of t(r). Determine k(4).
-7
Suppose 0 = 2*n + 4*v - 15 + 3, 6 = n - 3*v. Let s(h) = h**2 - 7*h. Calculate s(n).
-6
Let l(g) be the first derivative of -g**3/3 - g - 3. What is l(-3)?
-10
Let l(o) = -3*o**2 - 4*o - 7. Suppose -4*r - 28 = -8*r. Let i(b) = b**2 + b + 2. Let x(s) = r*i(s) + 2*l(s). What is x(1)?
0
Let x(f) = -2 - 11*f + 2 + f**2 - 1. Let g(s) = -2*s**2 + 21*s + 2. Let k(j) = 4*g(j) + 7*x(j). Calculate k(4).
13
Let u(s) be the second derivative of -s**3/6 - s**2/2 - 22*s. Calculate u(-6).
5
Suppose 5*i = -0*i - 5. Let r(o) be the third derivative of -2*o**5/15 - 6*o**2. Calculate r(i).
-8
Let r(q) = -q**2 + 10*q + 1. Let w be r(9). Suppose -4*n = -f - 0*f + 25, 0 = -3*n - f - w. Let p(t) = -3*t - 6. Calculate p(n).
9
Let k(p) = -p**2 - 11*p + 6. Let w be k(-11). Let g(l) = l**2 - 7*l + 2. What is g(w)?
-4
Let m(c) = 1 - 5*c + 6*c**2 - 2 - c**3 - 1. Suppose -3*b = -0*b - 12, b = -2*s + 14. Give m(s).
-2
Let l = 26 - 37. Let n(t) = -6*t**3 + 9*t**2 + 9*t + 13. Let k(b) = -3*b**3 + 5*b**2 + 5*b + 7. Let q(m) = l*k(m) + 6*n(m). Give q(1).
-4
Suppose -4*p = -8 - 0. Suppose 4*d + 4 = 0, 2*d + 1 - 3 = -p*q. Let u(s) = s**2 - 3*s - 2. Give u(q).
-4
Let b(q) = -6*q + 1 - 2 - 15*q**2 + 16*q**2. What is b(5)?
-6
Let j(f) = f**3 - 5*f**2 - 3. Let k = -8 - -11. Suppose 0 = 2*x - 35 + k. Suppose 8*q - 3*q = 4*o - 40, -4*q - x = 0. Determine j(o).
-3
Let a(d) = -3*d - 4. Let w(m) = -10*m - 12. Let i(j) = 14*a(j) - 4*w(j). Determine i(-7).
6
Let h(j) = -j + 4. Let s(z) = 4*z - 12. Let c(a) = -7*h(a) - 2*s(a). Suppose -1 - 3 = l. Calculate c(l).
0
Let h(r) be the first derivative of r**2 - 5*r + 1. Let o(c) = c - 3. Let a(z) = -3*h(z) + 5*o(z). Let w be 0 + (0 - -1) - 2. Calculate a(w).
1
Suppose -n + 2*p = 4*n + 54, -3*n - 5*p = 20. Let j(d) = d + 9. Let m be j(n). Let o(z) be the first derivative of z**2/2 + z + 1. Give o(m).
0
Let x(p) be the second derivative of 7*p + 2/3*p**3 + 3/2*p**2 + 0. Determine x(-2).
-5
Suppose -5*b + 2 + 4 = -k, 14 = k + 5*b. Let f(h) = h**2 - 3*h + 3. What is f(k)?
7
Let n(t) be the first derivative of t**3/3 - t**2/2 - t - 2. Let u(v) be the first derivative of n(v). Suppose -2*w - 5 = 5. Give u(w).
-11
Let z(v) = -2*v + 9. Let a(b) = -2*b + 10. Let p(y) = -6*a(y) + 7*z(y). Calculate p(3).
-3
Let a(i) = -i**2 - i + 2. Suppose -s = -5*z - 5, -z - 3*s = 7 + 10. Let c be z*2*(-1)/4. Let g = c + -1. Determine a(g).
2
Let q(h) be the second derivative of -h**4/12 + 10*h. Calculate q(-3).
-9
Let i(x) = -4*x**2 - 2*x + 2. Let k be 81/36 - 4/16. Determine i(k).
-18
Let k(c) = 6*c. Let y(t) = t**3 - 2*t**2 - 2. Let p be y(3). Let g = p - 8. Calculate k(g).
-6
Let i be ((-3)/(-2))/(2/4). Let u(c) = 2*c**2 + 3 - i. Let f be u(1). Let g(o) = -o**2 - o + 2. Calculate g(f).
-4
Let d(v) be the second derivative of 1/2*v**2 - 1/6*v**3 + v + 0 - 3/4*v**4. Calculate d(1).
-9
Let d(s) = 4*s**2. Let c be (2 - 6/3)/1. Let z be (c - 0) + -6 + 7. What is d(z)?
4
Let m(n) = n**2 + 4*n - 1. Let d = -5 - -8. Suppose v - 2 = -b - d, 5*v = 2*b - 12. Calculate m(v).
-5
Let x(o) = -o**2 - 6*o + 7. Let t be x(-7). Let c(z) be the third derivative of t + 0*z**3 - 3*z**2 + 1/10*z**5 + 1/24*z**4 + 0*z. Calculate c(-1).
5
Let s be -1 - -7 - (13 - 10). Let a(x) = 0*x**3 + x**3 - 3*x**s - 3*x + 2 + 4*x**2. Determine a(2).
-4
Let g(p) be the second derivative of p**5/20 + p**4/3 - 7*p**3/6 - 5*p**2/2 + p. Let x = -20 + 22. Suppose -z = -2*a - 1, 5*z = -0*z + x*a - 19. Determine g(z).
5
Let m(i) = -i**2 + 5*i - 2. Let t(q) = -q**2 - q. Let n be t(-2). Let h = n + 6. What is m(h)?
2
Suppose 0 = -2*a - 2*c + 15 + 13, 0 = c - 1. Let z = a - 8. Let i(l) = -2*l + 4. Calculate i(z).
-6
Let f(o) = 0*o + 2 + o**2 + 4*o + 0*o. Suppose 60 = 5*z - 5*k, -3*k - 57 = -4*z - 2*k. Suppose -c + 4*t - 25 = 0, -c - z - 5 = -3*t. Calculate f(c).
7
Let h(l) be the third derivative of l**6/120 + l**5/15 - l**4/4 - 2*l**3/3 - 2*l**2. Let n = -42 - -37. Calculate h(n).
1
Let a(d) = -d**2 + 3*d. Let u(y) = -y**3 - 5*y**2 + 5*y - 2. Let v be 6/3*3/(-1). Let q be u(v). Calculate a(q).
-4
Let h(a) = -2*a - 1. Let q(r) = -r**3 + 5*r**2 - 4*r. Let i be q(4). Let g be 2 - i*(0 - 1). Let u be (2 + (2 - g))/(-1). Determine h(u).
3
Let j(y) = -y - y + 5*y**2 + y + 7*y**2. Calculate j(1).
11
Let w(p) = 4*p + 35. Let a be w(-8). Let q(k) be the first derivative of -2*k + 2/3*k**a + 2 + 1/2*k**2. Determine q(2).
8
Suppose c + 3*c - 3*k = 30, -5*c + 2*k = -34. Suppose 0 = -0*z + c*z - 30. Let p(i) = i**3 - 4*i**2 - 8*i + 7. Give p(z).
-8
Let o(i) = -i**2 + i + 1. Let c(v) = 5*v**2 + 3*v + 3. Let t(a) =